 divisor of 552 and q?
69
Suppose 114 = -2*f + 4*s, 5*f + 2*s + 255 = -3*s. Let u = -93 - f. Let a = u - -53. Calculate the highest common factor of a and 65.
13
Let k = -19 - -29. Suppose 6*u - k*u = -8. Suppose u*r - 48 + 6 = 0. What is the greatest common divisor of r and 42?
21
Let j = -21 + 19. Let v be -7 - -10 - (j*1)/(-2). Suppose 0 = s + 3*p - 15, 4*p - 15 - 7 = -v*s. Calculate the greatest common divisor of s and 33.
3
Let m(b) = -b**3 - 45*b**2 - 2*b + 246. Let n be m(-45). What is the highest common divisor of n and 532?
28
Let d(s) = s**3 - 3*s**2 - 20*s + 20. Let f be d(8). Suppose 24*p - 12*p - f = 0. What is the greatest common divisor of 6 and p?
3
Let l = -22294 - -24301. What is the highest common factor of 9 and l?
9
Let a(b) = -21*b**2 + 115*b - 4. Let v be a(5). What is the highest common factor of 5842 and v?
46
Suppose 57 = 8*i + 54 - 69. Suppose -98 = -5*t + 37. What is the greatest common divisor of i and t?
9
Let b be (-2 - 11486/8)*16*(-6)/18. Calculate the highest common factor of 216 and b.
108
Suppose 520 = 106*q + 3*q + 84. Suppose -3*x + 540 = 2*x. Calculate the greatest common divisor of q and x.
4
Suppose -4*w - 5*k + 6639 = 0, -2*w + 2928 = 3*k - 393. Calculate the greatest common factor of 9 and w.
9
Let b = 22 + 9. Suppose 3*x + 4*m = b, -6*x - 5*m = -x - 55. What is the greatest common divisor of 351 and x?
13
Let l(v) = -v**3 + 14*v**2 - 26*v + 29. Let o be l(12). Suppose -o*w - 5*z = -285, 3*w + 6*z - z = 175. What is the greatest common factor of w and 33?
11
Suppose 5*h = 65 + 25. Suppose -4*k = -k - h. Calculate the greatest common factor of 144 and k.
6
Suppose 4*d + 5 - 15 = -5*c, -4*d = -3*c + 38. Suppose 3*v - c*v + 222 = 0. What is the greatest common factor of 37 and v?
37
Let k be (-380)/456 - 22587/(-36)*2. Calculate the greatest common factor of k and 1102.
38
Let p = 24 + -15. Let j = 3054 - 3045. Calculate the highest common divisor of j and p.
9
Let c(q) = -2*q - 27. Let b be c(-16). Suppose 0 = b*n - 25, 28 + 92 = 2*h + 4*n. Calculate the greatest common divisor of 30 and h.
10
Let b(c) = -10*c**2 - 13*c - 28. Let w(m) = 11*m**2 + 12*m + 29. Let j(p) = -7*b(p) - 6*w(p). Let i be j(-8). Calculate the greatest common divisor of i and 18.
18
Suppose -28*p - 8*p + 8672 = -1120. What is the greatest common factor of 2074 and p?
34
Suppose 99*w - 7422 = 4260. What is the greatest common divisor of 6077 and w?
59
Suppose 2*b - 780 = -3*i, -82 = i + 3*b - 349. Suppose 3*s + 3*h - i = 12, -444 = -5*s + h. Let q = s - 86. What is the greatest common factor of q and 3?
3
Suppose 12*k - 21*k + 63 = 0. Let b(s) = 66*s - 380. Let f be b(k). What is the highest common divisor of 328 and f?
82
Suppose 48*h - 2096 = 7696. What is the highest common divisor of 663 and h?
51
Let w be (-12 - (-1 + 1))/((-72)/48). Suppose 4*n = -5*o - 250, o = -3*o + 8. Let j = n - -69. What is the highest common factor of j and w?
4
Let r = 461 + -380. Suppose 58*i - 49*i - r = 0. What is the greatest common divisor of 18 and i?
9
Let x be 16/168 - (-1090)/21. Let v(b) = -152*b - 144. Let y be v(-3). What is the highest common divisor of y and x?
52
Suppose -4*b - 5*p + 434 = 69, 3*p - 276 = -3*b. Let z be (4 + 0)/((-2)/34*2). Let x = z + 53. Calculate the highest common factor of x and b.
19
Let g(o) = 4*o - 172. Let c be g(43). Suppose 5*l + 5*f - 135 = -0*l, c = -l - 4*f + 24. Calculate the greatest common factor of l and 868.
28
Suppose 0*z + 3*p - 225 = 2*z, 0 = -2*z - 3*p - 255. Let m be 12*(-6 - z/18). Calculate the greatest common divisor of 24 and m.
8
Let q = -13207 - -13209. What is the greatest common factor of q and 1346?
2
Let k = -3741 + 4664. What is the greatest common factor of k and 182?
13
Suppose 185*p - 2839 + 989 = 0. Calculate the greatest common divisor of 14530 and p.
10
Suppose -2*y + 347 = 3*j, 95*y - 94*y - 186 = j. Calculate the highest common divisor of y and 1.
1
Let z(p) = 26*p + 22. Let o be z(-7). Let g = -120 - o. Calculate the greatest common divisor of 40 and g.
40
Let t(p) = -512*p + 7188. Let l be t(14). Let z be 2/4*6 + 1. Suppose -z*o + 27 = 5*x, -3*o = -6*x + x - 29. Calculate the highest common factor of o and l.
4
Suppose -3*b - 4*t + 2269 = 0, 92*t - 2287 = -3*b + 97*t. Calculate the greatest common divisor of b and 207.
69
Let w(j) = -j**2 + 19*j - 18. Suppose 72 = 7*t - t. Let p be w(t). Suppose y - p = -2*y. Calculate the greatest common factor of y and 2.
2
Let v be 231/(-132)*(-1 + 0 + 5). Let r(a) = -9*a - 27. Let l be r(v). What is the highest common divisor of 18 and l?
18
Let m be 664/6 + 4/(-6). Let s be ((-208)/(-56))/(-13) + 214/14. Let w be (-3*(-264)/(-90))/((-3)/s). Calculate the greatest common factor of m and w.
22
Let q(g) = -276*g + 4632. Let m be q(14). Calculate the greatest common factor of m and 204.
12
Let q(l) = l**3 - 4*l**2 - l + 7. Let m be q(3). Let k be 1/m - 14756/(-155). Calculate the highest common factor of 19 and k.
19
Let v be -5 + 2 + (1 - (-1235)/5). What is the highest common factor of 3626 and v?
49
Let x be -1 + 77 + -75 + 86. Calculate the highest common divisor of x and 4089.
87
Suppose -16*r + 4*r - 6144 = 0. Let d = r - -736. Calculate the greatest common factor of 24 and d.
8
Let g be 1106/6 + (-2)/6. Let o = g - 119. Suppose 4488*v - 16224 = 3864*v. What is the greatest common factor of v and o?
13
Let k = 142 + -144. Let a be (5 + -1)*(k + 14). Calculate the highest common divisor of 36 and a.
12
Let l = 3689 - 3677. Calculate the greatest common divisor of l and 258.
6
Let j = -325 - -298. Let s be 236840/180 + (-6)/j. Calculate the greatest common factor of 28 and s.
28
Let r be ((-2781)/18)/(10/(-30)*(-18)/(-372)). Calculate the greatest common factor of r and 206.
103
Suppose 7*p - 12*p + 3*w - 1879 = 0, -2*p - 764 = 5*w. Let u = p + 836. Calculate the greatest common factor of u and 102.
51
Let n be (-8 + -420 + -5)/(1/(-22)). Calculate the greatest common divisor of n and 22.
22
Suppose -6*x + 1077 + 177 = 0. Let u be x - (-140)/14*(-1)/2. What is the highest common divisor of u and 48?
12
Let p(i) = i - 1. Let z(a) = 6*a + 9. Let t(l) = 2*p(l) - z(l). Let s be t(-7). Calculate the greatest common divisor of 187 and s.
17
Let z = 132 + -118. Let d be (3/21 + 5)*z. Calculate the highest common factor of d and 96.
24
Suppose -23*m = -50*m + 24381. Suppose 43*u - 22*u - m = 0. Calculate the greatest common divisor of 43 and u.
43
Let u be 8/6*12/8. Suppose 2*c + 40*q - 154 = 42*q, c - 87 = -q. Calculate the highest common factor of c and u.
2
Let b(z) = 742*z**2 - 386*z + 385. Let x be b(1). Calculate the greatest common divisor of 143 and x.
13
Suppose -5*l + 136 + 461 = -2*m, 0 = -3*l - 5*m + 321. Suppose 0 = 5*z + 15, -3*z = -3*v - 6*z + 30. Calculate the highest common factor of v and l.
13
Let t = -36195 - -36319. What is the greatest common factor of 72292 and t?
124
Suppose 42*i - 64*i - 468 = -31*i. What is the greatest common divisor of 1222 and i?
26
Let h(i) = 6*i - 29. Suppose -n + w = -28, 0*w + 32 = n - 2*w. Let x be h(n). Suppose 0 = 120*q - x*q - 120. Calculate the highest common factor of 192 and q.
24
Let n be 96/40*4*(-5)/1. Let t be (84/n)/((1 + 0)/(-108)). Calculate the highest common factor of t and 42.
21
Suppose 0*t + 5*t = b - 7, -57 = -5*b + 3*t. Let z be (323 + 2 - 2) + (2 - 2). Let i = z + -191. What is the highest common factor of b and i?
12
Let c be (-8590)/(-40) + 10/8. Let n = -2 - -7. Suppose -c = -n*s - 3*a, -3*s + 183 = s - a. Calculate the greatest common divisor of 5 and s.
5
Let s(o) be the first derivative of 17*o**2/2 - 28*o - 7. Let l be s(28). What is the greatest common divisor of l and 64?
64
Suppose -4*r + 23 = a - 32, r + 9 = 3*a. Calculate the greatest common divisor of r and 2628.
12
Let u be (5/(-5))/(1 + 30/35 + -2). What is the highest common divisor of 847 and u?
7
Suppose -10*z - 355 + 1345 = 0. Let p be (-72)/((-4)/10 - z/90). Suppose 2112 = 6*l - 2*l. What is the greatest common divisor of p and l?
48
Let f = -365 - -1077. Suppose 0 = -9*p + p + f. Let j = -79 + p. Calculate the highest common factor of j and 10.
10
Suppose 4*r - 108 = -0*r. Suppose 0 = 14*n - 131 + 47. Suppose -1388 = -n*h + 394. What is the highest common divisor of h and r?
27
Suppose -a + 39*u + 48